ppose 0 = -2*c - 3 - 35. Let d = 31 + c. What is the highest common divisor of d and a?
12
Let w be (-1 - (-1573)/(-2))/((-345)/330 - -1). Calculate the highest common divisor of w and 165.
165
Let a be ((-1)/(-2))/(51/1428). Suppose -3*h = -0*h - 42. Calculate the highest common divisor of h and a.
14
Let s = 3626 - 1338. Suppose -4*p - 12*p + s = 0. What is the highest common divisor of p and 22?
11
Let r(i) = -i**2 + 2*i - 1. Let h(s) = -s**2 + 7*s - 4. Let o(m) = h(m) - 2*r(m). Let w be o(-4). What is the highest common divisor of 25 and w?
1
Suppose 4151*x + 7224 = 4194*x. Calculate the highest common factor of 1029 and x.
21
Let c be (27 + -25)/(-3 - (-836)/276). Calculate the highest common divisor of c and 22011.
69
Suppose -2262 + 514 = -2*s. Let m be (-1001)/(-21) - 10/6. What is the highest common factor of s and m?
46
Let r(x) = -7*x + 34 + 59 - 24 + 4*x. Let w be r(18). What is the highest common factor of 285 and w?
15
Let p(k) = 2*k**2 + 245*k + 1622. Let z be p(-7). What is the greatest common factor of z and 6805?
5
Suppose 0 = -4*m - 18*o + 22*o + 2780, 5*m + 4*o - 3475 = 0. What is the greatest common factor of m and 1112?
139
Suppose 26*v - 32*v = 30. Let x be v - 65/10*-2. Calculate the highest common divisor of x and 256.
8
Let u = 12 + -7. Suppose -3*v - 1317 = -u*s, 5*s + 5*v - 245 = 1040. What is the greatest common factor of s and 9?
9
Let k = 121 + -79. Suppose 5*p = 217 - k. Let h(i) = i**2 + i + 5. Let o be h(0). What is the greatest common divisor of o and p?
5
Let l be 2064/(-28)*(2 - (-324)/(-8)). What is the greatest common factor of l and 172?
86
Suppose 7*m - 20 = 29. Suppose 176 + 944 = m*l. What is the greatest common factor of 10 and l?
10
Suppose 3*t + 13 = -10*t. Let j(p) = 118*p**2 - p + 1. Let x be j(t). What is the greatest common factor of 32 and x?
8
Let g = 2523 - 2523. Let n be (-10)/(-4) + (-2)/(-4). Suppose d - 5*p + 1 = g, -2*p - n*p = 2*d - 43. Calculate the highest common factor of d and 7.
7
Suppose -359*q = -358*q - p - 19, 0 = -6*q - 4*p + 224. Let b = -2 + 14. What is the highest common factor of q and b?
6
Suppose -498 = -50*c + 27*c + 21*c. Calculate the highest common divisor of 3 and c.
3
Let u = -152 - -457. Suppose -5*f + u = i, -5*f - 265 = -3*i + 710. Calculate the greatest common divisor of 192 and i.
64
Let r = 44564 + -33506. Calculate the greatest common divisor of 114 and r.
114
Suppose -23*u = -53*u + 12*u + 41904. Calculate the greatest common divisor of u and 16.
8
Suppose -2715*v = -2731*v + 53088. What is the highest common factor of v and 79?
79
Let a be 7 + 67 - (8 - (-33)/(-11)). Calculate the greatest common divisor of 6509 and a.
23
Let x = 15804 + -12957. Calculate the highest common divisor of 876 and x.
219
Let z(a) = -a**3 - 19*a**2 - 43*a - 139. Let s be z(-17). Suppose -38*v + 480 = -s*v. What is the greatest common divisor of v and 50?
10
Let c(t) be the first derivative of -t**3/3 + 11*t**2/2 - 16*t + 11. Let i be c(9). Suppose l = i*l - 90. Calculate the highest common factor of 18 and l.
18
Let b = 48297 + -48286. Let m(a) = a**2. Let v be 6/(-10) + (-2)/5. Let r be m(v). What is the greatest common factor of r and b?
1
Suppose -5*w + 16 = 2*x, 2*w - 6*w + 8 = 0. Suppose 25 = x*k - 623. Suppose m - 9*m = -k. Calculate the greatest common divisor of m and 18.
9
Let n(g) = 4*g + 101. Let j be n(-24). Suppose j*x = -4*f + 280, -x + 4*f + 37 + 19 = 0. What is the greatest common factor of x and 14?
14
Let b = -31552 + 36942. Calculate the highest common divisor of b and 330.
110
Let g(c) = 8*c**2 + 2*c + 30. Let x be (5 - 3) + (-40)/5. Let r be g(x). Calculate the greatest common factor of 18 and r.
18
Let f = 40 + 7. Suppose u - f = -3*b, 4*u - b = 2*u + 80. What is the highest common factor of u and 205?
41
Let h(s) = 292*s - 5. Let y be h(2). Let i = y - 392. What is the highest common factor of i and 17?
17
Suppose 3*a + 5*s = -0*s + 2, 2*a = 3*s + 14. Suppose 0 = -q + a*q - 12. Let m be (130/q)/((-15)/(-30)). What is the greatest common factor of 13 and m?
13
Let h be (13/(-2))/(334/(-4676)). Calculate the highest common divisor of 8008 and h.
91
Let q(h) be the third derivative of h**4/6 + 62*h**3/3 + 27*h**2 - 2. Let l be q(-9). What is the greatest common divisor of 66 and l?
22
Suppose -3 = 5*r - 143. Suppose -76*y - 294 = -97*y. Suppose 2 = -3*p + y. What is the greatest common divisor of r and p?
4
Let n = -18996 - -22346. Calculate the greatest common factor of n and 1474.
134
Suppose -134*b - 97*b = -42*b - 247401. Calculate the greatest common divisor of b and 1496.
187
Let p(x) = -20*x + 29*x - 6*x - 5. Let b be p(5). What is the highest common factor of 50 and b?
10
Suppose 3*b = -5*s - 2, 245*b - s = 240*b + 62. What is the greatest common factor of b and 70?
1
Let f = 16615 + -16565. Calculate the highest common divisor of 14650 and f.
50
Suppose 165 = -3*f + 2*f. Let m = f - -295. Let s(i) = -i**3 + 9*i**2 - 7*i + 3. Let b be s(7). What is the highest common factor of b and m?
26
Let k be (7 + -5 - 14) + -2. Let n be (-3135)/114*k/5. What is the greatest common factor of 35 and n?
7
Suppose -109*p = -b - 104*p + 106, 2*b + 2*p = 224. What is the greatest common divisor of 1961 and b?
37
Let i(b) = 991*b + 13625. Let t be i(0). What is the greatest common factor of 109 and t?
109
Let n = 68314 + -67682. Let u(g) = -g**2 + 5*g + 4. Let p be u(4). Calculate the greatest common divisor of n and p.
8
Let w(m) = -26*m - 19. Let z(b) = -38*b - 28. Let l(f) = 7*w(f) - 5*z(f). Let u be l(0). What is the greatest common factor of u and 1?
1
Let l be (-1 + 46/4)*8. Let q be ((-1163888)/(-180))/44 + (-10)/(-225). What is the highest common factor of l and q?
21
Let z(h) = -112*h + 1476. Let t be z(13). Calculate the greatest common factor of t and 740.
20
Suppose 2*v - 4*v - 6 = -2*l, 0 = -4*v + 3*l - 7. Let x be 6 + (-8 + 2)/2. Suppose 16 = 7*k - x*k. Calculate the highest common factor of v and k.
2
Let b = 27218 - 17006. What is the greatest common divisor of b and 222?
222
Let q = -10349 + 10371. Suppose 2*f - 462 = f. Calculate the greatest common divisor of q and f.
22
Suppose -q = -2*l + 61, -l = 3*q + 615 - 628. What is the greatest common divisor of l and 1324?
4
Let z be (-1)/(2/8*4) - 3. Let l be (-1)/z + ((-23)/(-4))/1. Calculate the greatest common divisor of l and 3.
3
Let r = 89 + -78. Let n be -118 + 4/(-22) + 2/r. Let k = -111 - n. Calculate the greatest common divisor of 14 and k.
7
Let z be 5936/24 + (-18)/(-27). Calculate the highest common divisor of z and 2356.
124
Suppose -5*h - 205 = f - 2*f, f - 45 = h. Let m = -30 - h. Let r(b) = -12*b - 2. Let c be r(-6). Calculate the greatest common divisor of c and m.
10
Let p be 2 + 3 + 1 + -4. Let c(z) = 3 + 11 + z**2 + 4 - p - 3*z. Let i be c(5). Calculate the highest common divisor of i and 26.
26
Suppose -36*k + 24802 = -542. Calculate the highest common factor of k and 11.
11
Suppose 51 + 1671 = 14*q. What is the greatest common factor of q and 2337?
123
Let k = -34429 + 35377. What is the greatest common factor of 396 and k?
12
Let m(f) = 3 + 2*f**2 + 726*f - 363*f - 359*f. Let l be m(-5). What is the highest common factor of 99 and l?
33
Suppose 5*l + 43*l - 216810 = 32406. Calculate the greatest common divisor of 176 and l.
88
Let r(n) = -4*n**2 + 2*n + 42. Let u be r(6). Let z be (330/u)/((-1)/36 + 0). Calculate the highest common divisor of z and 4.
4
Suppose 0 = c - 2 + 1. Let d be 73 - (10 - -17) - 23. Calculate the greatest common divisor of d and c.
1
Let f = -129 + 224. Suppose -3*r + 4*p = -86, -3*p = 3*r + 2*r - f. Suppose 6*h = 44 + r. What is the greatest common factor of h and 22?
11
Let v(s) be the second derivative of -s**5/20 + 7*s**4/4 + 2*s**3/3 - 49*s**2/2 + 78*s. Let u be v(21). Calculate the greatest common divisor of 595 and u.
35
Let n = -94 - -167. Suppose -4*k + n - 21 = 0. What is the highest common divisor of k and 13?
13
Suppose -5*o + 2*u = -222, 5*o - 4*u + 7*u = 217. Suppose 15*k - 14*k = o. Calculate the greatest common factor of k and 132.
44
Let z = 293 + -189. Suppose -z = -323*x + 319*x. Calculate the greatest common factor of 429 and x.
13
Suppose 293 = 5*p - 72. Let u = -70 + p. Suppose 9*o - 5*o - 27 = 3*y, -o + 4*y - u = 0. Calculate the 